2*y - 12 - 11*y + 4*y**2. Let c be 8/(-36) - (-13 + (-1683)/(-81)). Calculate o(c).
28
Let c be (6/27)/(6 + 106/(-18)). Let l(w) be the first derivative of -1/3*w**3 - c*w - 2 + 0*w**2. Determine l(-2).
-6
Let n(d) be the second derivative of d**5/20 - 7*d**4/12 + d**3 - 3*d**2/2 - d + 2. What is n(6)?
-3
Let t(z) = -10 - 4 + 4*z - 5 - 2*z - 3 + z**2. What is t(0)?
-22
Let f(h) = -2 - h + h - 1 - 2*h. Let a be (-12)/(-9)*(2 + -5). Let l(n) = n**3 + 4*n**2 + n - 2. Let y be l(a). Give f(y).
9
Let q be (1/2)/((-1)/(-90)). Suppose 6*z = z - q. Let f(r) = r + 13. Let p be f(z). Let o(w) = -w**2 + 6*w - 4. Calculate o(p).
4
Suppose -4*c + 1 = -3*o - 8, 2*o = -c - 6. Let g(y) = c - 2 + 9 - y. Give g(3).
4
Let v(b) = b**2 + 4*b. Suppose -n + t + t = 5, 0 = -n - 2*t + 11. Suppose -n*i - j = -4*i + 10, 0 = 4*i + j - 25. Suppose i = -4*c - 5. Give v(c).
-3
Let p(r) = -4*r**2 - 14*r + 5. Let w(h) = 2*h**2 + 7*h - 3. Let x(n) = 4*p(n) + 7*w(n). What is x(-4)?
-5
Let k be 24/10*(-70)/(-21). Let h(m) = -9 - 12 + k - m. Suppose 4*p = -3*x - 36, p + 13 = -2*x + 2*p. What is h(x)?
-5
Let x(y) = y**3 - 11*y**2 - y + 16. Suppose 5*v + 5*j = 35, 4*v + 4*j = 6*j + 52. Give x(v).
5
Let m(n) = -n**3 - n + 2. Let x(v) = -4*v**3 + v**2 + 5. Let j(d) = -2*m(d) + x(d). What is j(-3)?
58
Let q be -7 - (-1)/((-5)/225*-3). Let f(p) = p - 13. Determine f(q).
-5
Let s(d) = -2*d - 2576 - d**2 + 2570 + 2*d**2. Give s(3).
-3
Let y(c) be the first derivative of 4*c + 32 - 1/2*c**2. Determine y(6).
-2
Suppose -n + 7 = 3*b + 27, 5*b - 2*n + 26 = 0. Let w(h) = 2*h**2 + 7*h + 9. What is w(b)?
39
Let t(l) be the second derivative of l**5/20 + l**4/2 - 3*l**3/2 - 7*l**2 + 6*l. What is t(-7)?
0
Suppose l = 3*l + 14. Let w(u) be the second derivative of -u**4/12 - 7*u**3/6 + 3*u**2/2 - 2*u - 20. Give w(l).
3
Suppose -2*r - 7 = 3. Suppose 0 = -4*j + 4*g + 8, 0 = 2*j - 12*g + 16*g - 10. Let l(f) = 3*f - 16*f**j - 10*f**3 + 6*f**2 + 27*f**3 - 6. Calculate l(r).
4
Let c(u) = 2*u + 24. Let f be c(-11). Suppose -f*t - 4 = -4*m, 7*m - 6*m = -2*t - 14. Let l(x) = x**2 + 5*x + 3. What is l(t)?
9
Let r(z) = z**3 + 3*z**2 + z - 4. Let t be r(-3). Let g(p) = -1119*p**2 - 6*p + 4 + 556*p**2 + p**3 + 569*p**2. Determine g(t).
-3
Let m(u) = -u**2 + 11*u - 10. Suppose -5*j - v + 3 = -6, j - v = 3. Let q be ((-54)/12)/((-2 + 1)/j). Calculate m(q).
8
Let b be 39/8 - (-4)/32. Let y(g) = g**3 - 4*g**2 - 7*g - 2. What is y(b)?
-12
Let s(b) = b**3 + b + 16. Let c(l) = -l**2 + l - 1. Let u(n) = -n**3 - n**2 - 2*n + 7. Let r(a) = 3*c(a) + u(a). Let k be r(-4). Determine s(k).
16
Suppose -2*r - 1 = 4*j - 5, j - 12 = 5*r. Let g(t) = j*t + 0 - 2 - 3*t. Let x be -2 + 3 + -3 + 2. Determine g(x).
-2
Let o(d) = d**2 + 7. Let h be o(0). Suppose -4*t = 3*y - 17, 5*t - 5*y + h = 2. Let v(s) = -1 + 6*s**2 - 4*s - s**3 - 4*s**2 + s**t + s**2. Determine v(3).
-4
Suppose -20*c - 156 = 6*c. Let j(y) = -y**3 - 7*y**2 - 3*y + 8. What is j(c)?
-10
Let t(n) be the second derivative of 4/3*n**3 - 9*n + 1/2*n**2 + 0. Calculate t(-1).
-7
Let a(r) = -r**2 - 13*r + 18. Let p be a(-14). Suppose p*u - 9 = 3. Suppose 15 = y + 2*y, 0 = -4*m - 3*y + u. Let c(o) = -2*o + 1. Calculate c(m).
7
Let l = -11 - -8. Let r = 0 + 2. Let g(z) = -r*z + 5*z + z - 1. Calculate g(l).
-13
Let f(v) = v**3 + 8*v**2 + 4*v. Let q be 1 - (-5)/(-5) - (5 + 1). What is f(q)?
48
Let s(i) = 3*i - 1. Let t be ((-1)/1)/1 + 3. Let r be ((-3)/4*t)/((-30)/(-40)). Give s(r).
-7
Let k(o) = 2*o**3 - o**2 + 3*o - 1. Let b = -2 + -44. Let d = 48 + b. Calculate k(d).
17
Let y(s) = -2*s**3 - 5 - 7*s + 10*s**2 - 3*s**2 + 12 + s**3. Let n be y(6). Let c(k) = -6 + n - k - k**2 + 2*k**2 + 0. Determine c(0).
-5
Let t(w) = -w**3 + 5*w**2 - w - 2. Suppose 5*z + 4 = 6*z. Suppose -k + 29 = -5*g, -z*k + 3*g + g = -36. Suppose -4*f - k = -24. Determine t(f).
-7
Let h(x) be the first derivative of -x**3/3 - x**2/2 - 6*x - 1. Calculate h(0).
-6
Let b(q) = -q**2 + 8*q + 2. Let d = -44 - -76. Let r = 38 - d. Calculate b(r).
14
Let j(c) = c**2 + 11*c + 14. Let q(p) = 5*p**3 - 2*p**2 + 3*p + 4. Let f be q(-1). Determine j(f).
-16
Suppose -3*z + 5*a = -4*z + 3, 0 = z - a - 3. Let o(r) = 2*r**2 - 7*r + 3. Determine o(z).
0
Let s(a) = 2*a - 7*a**2 + 5 + 1668*a**3 - 1667*a**3 - 4*a. Determine s(6).
-43
Let f(c) = c**2 - 8*c + 8. Let s(n) = -27*n - 1422. Let h be s(-53). What is f(h)?
17
Let m(i) = i**2 - 16*i - 52. Let g(a) = -21*a**2 - 131*a - 11. Let x be g(-6). What is m(x)?
5
Let d be (3 - 4)/(-1*(-5)/25). Let c(s) = -3*s - 13. Calculate c(d).
2
Let l(y) = 5*y**3 + y**2 - 2*y + 1. Suppose 0 = 21*i - 22 + 1. Give l(i).
5
Let u(c) = 4*c**2 - 4*c + 2. Suppose 4*k + 486 = 1278. Suppose 3*b - 204 = -k. What is u(b)?
10
Let q(j) be the third derivative of j**4/24 - 5*j**3/6 + 907*j**2. Suppose -5*w + w = s - 16, 4*s = 4*w - 16. Let y be (16/w)/(1 + 0). Calculate q(y).
-1
Let v(d) be the first derivative of -5*d**2/2 - 5*d - 125. Give v(4).
-25
Let i(y) be the first derivative of -y**4/4 + 2*y**3 - 3*y**2 + 4*y - 92. Calculate i(4).
12
Let k(p) = p**3 + 6*p**2 - 6*p + 1. Let v(d) = d**2 - d. Let f be 9/(-18) - 3/(-2). Let o(u) = f*k(u) - 3*v(u). Give o(-3).
10
Let w(y) = 56*y**3 - y**2 - 3*y - 1. Let r = 1955 - 1956. Determine w(r).
-55
Let j(b) = b**3 + 6*b**2 - 10*b - 2. Let a be j(-7). Let k = -17 + a. Suppose 0 = -k*v + v - 5. Let d(z) = -z**2 - 7*z - 6. Give d(v).
4
Let x(d) = 4*d - 21 - 16*d + 2*d**2 + 9*d + 18*d. Determine x(-9).
6
Suppose 7 = -3*x - 11. Let k(o) = 5*o**3 + 3*o**2 + 2*o + 4. Let i(z) = 6*z**3 + 2*z**2 + z + 3. Let n(f) = 4*i(f) - 5*k(f). What is n(x)?
-8
Let l(h) = -h**3 + 2*h - 1. Let a = -32 - -35. Suppose 3*x + 3 = -a. Calculate l(x).
3
Let r(f) = 2*f**2 + 34*f - 1. Let b be r(-17). Let o(t) = -69*t**2. What is o(b)?
-69
Let h be (27/6 - 4)*4. Let q(o) = -o + 1 + 20*o**2 - 20*o**h + o**3. Give q(2).
7
Let x(k) = 3*k - 4*k - 2 + 3*k. Suppose 4*w + 8 = 2*w. Let h be (-14)/w + (-3)/6. Determine x(h).
4
Let c(m) = 2*m**2 + 1. Let f be 7 + -6 + 3 - 1. Suppose 2 = -f*s - 19. Let o = 5 + s. Give c(o).
9
Suppose -r = -2*q + 6, 0 = 3*q - 0*r - 3*r - 9. Suppose 3*d - 33 = q*n, 2*d + 20 = 4*n - 5*n. Let x be 1/7 - (-44)/n. Let i(a) = 2*a - 4. Calculate i(x).
-10
Let r(l) = -l**3 - 13*l**2 + 5*l + 15. Let v(c) = -3*c**3 - 38*c**2 + 14*c + 43. Let b(q) = 11*r(q) - 4*v(q). Determine b(-9).
2
Let s(p) = p**2 - 9*p + 10. Let j be ((-4)/(-14))/((-8)/(-56)). Suppose -2*m - j*a + 3*a + 17 = 0, 0 = 2*m - 4*a - 26. Give s(m).
-4
Let g(y) = 15*y - 6*y + 9 - 13*y. Let p be g(3). Let d(f) = -f**3 - 4*f**2 - f + 1. Calculate d(p).
-5
Suppose -7*i + 2*i = -10. Let p(y) = 20*y**3 + 1 + 19*y**3 - y**2 - 40*y**3. What is p(i)?
-11
Let z(m) be the third derivative of -m**5/60 + 4*m**2. Let s(t) = -5*t**2 + 5*t + 1. Let o(b) = s(b) - 4*z(b). Let u be ((-13)/52)/(2/(-40)). Give o(u).
1
Let y(l) = -l - 15. Let z(f) = -12*f**2 - 105*f + 18. Let s be z(-9). Give y(s).
-6
Let i = -53 - -54. Let x(l) = -8*l. Calculate x(i).
-8
Suppose 0 = -6*l + 18. Suppose -2*w + 11 = w + 5*o, w + 1 = -4*o. Let i(g) = g**3 + l*g**2 + w*g + 5 - 11*g**2 + 1. Calculate i(7).
6
Let t(i) = 78 - 4*i + 0*i + 5*i - 169 + 80. Determine t(4).
-7
Suppose -43*m = -24*m - 18*m + 3. Let n(b) be the first derivative of b**4/2 + b**3 - b**2/2 - b + 2. Determine n(m).
-25
Let w(h) = 2*h - 4. Let q = -79 - -88. Suppose -r + q = 2. What is w(r)?
10
Let p(g) be the third derivative of 5*g**4/24 + g**3/6 + 56*g**2 - 5. What is p(-7)?
-34
Let h(s) be the second derivative of -s**5/20 + s**4/4 + s. Let r(d) = d**3 + 4*d**2 - 4*d + 7. Let m = -9 + 4. Let o be r(m). Calculate h(o).
4
Let s(d) = -7*d**2 + 2*d + 10. Let f(j) be the second derivative of 5*j**4/3 - 5*j**3/6 - 29*j**2/2 - 6*j. Let h(k) = 6*f(k) + 17*s(k). Give h(-4).
-4
Let d(f) be the first derivative of 1/6*f**4 + 6 + 0*f - 1/60*f**5 - 4*f**2 + 7/6*f**3. Let t(v) be the second derivative of d(v). What is t(6)?
-5
Let t(l) = -7*l**2 - 16*l + 15. Let a(x) = -x**2 - x. Let v(s) = 6*a(s) - t(s). Let j be v(-11). Let q(p) = p**3 + 2*p**2 - 6*p - 2. Give q(j).
-10
Suppose -365 + 371 = -6*b. Let d(k) = -35*k**2 + 1. Calculate d(b).
-34
Let g(l) = -l + 8. Let x be g(6). Let k = 174 + -174. Suppose k = 2*v - 0 - x. Let p(q) = 12*q - 1. Calculate p(v).
11
Let i(q) = -7 - 2*q + 0*q**2 - 11*q